 1638. What is f(93)?
36
Let f(h) = 2*h**3 + 60*h**2 - 131*h - 93. What is f(-32)?
3
Let f(i) = i**3 + 12*i**2 - 3*i - 47. Determine f(-12).
-11
Let n(f) = 2*f**2 - 39*f + 269. What is n(18)?
215
Let f(b) = -38*b + 530. What is f(14)?
-2
Let p(b) = -4*b**2 - 107*b - 36. Give p(-27).
-63
Let i(v) = -v**3 + 20*v**2 + 36*v - 517. Determine i(21).
-202
Let x(s) = 1915*s + 86151. Calculate x(-45).
-24
Let x(z) = 3487*z + 4. Determine x(0).
4
Let z(t) = 115*t + 10908. What is z(-95)?
-17
Let m(b) = 408*b + 182. Determine m(0).
182
Let b(u) = -76*u + 116. Give b(6).
-340
Let p(f) = -f**3 + 9*f**2 + 54*f - 342. Calculate p(11).
10
Let s(k) = 23*k + 10. Determine s(-5).
-105
Let o(w) = w**3 - 59*w**2 + 34. What is o(59)?
34
Let s(g) = -5*g**3 + 265*g**2 - 2*g + 132. Give s(53).
26
Let j(k) = -24*k - 386. Determine j(-8).
-194
Let o(r) = r**3 + 25*r**2 - 65*r + 172. What is o(-27)?
469
Let t(r) = -2*r**2 - 367*r + 3860. Determine t(10).
-10
Let n(u) = -2*u**3 - 109*u**2 - 498*u - 8. Calculate n(-5).
7
Let w(g) = -98*g - 8246. Give w(-84).
-14
Let f(b) = b**2 + 14*b + 68. Give f(-13).
55
Let v(m) = -2*m**2 + 334*m + 11818. Give v(197).
-2
Let c(s) = s**2 + 112*s + 2111. What is c(-24)?
-1
Let c(n) = 28879*n - 173259. Give c(6).
15
Let u(c) = -c**2 - 11*c + 156. Give u(-27).
-276
Let u(c) = c**2 + 5*c - 3430. Calculate u(56).
-14
Let z(a) = -a**3 + 9*a**2 + 5*a + 20. What is z(9)?
65
Let h(s) = -2*s**2 + 56*s - 333. Calculate h(19).
9
Let a(x) = -11*x + 117. What is a(0)?
117
Let s(d) = -22*d**2 - 65*d + 7. Calculate s(-6).
-395
Let y(z) = -829*z + 4266. What is y(5)?
121
Let d(k) = -180*k - 348. What is d(-2)?
12
Let t(j) = j**3 - 30*j**2 - 111*j + 338. What is t(33)?
-58
Let j(v) = v**3 - 23*v**2 + 21*v + 422. Determine j(21).
-19
Let c(m) = m - 154. What is c(-7)?
-161
Let d(f) = -367*f - 34500. Determine d(-94).
-2
Let b(k) = -242*k**3 - 493*k**2 - 11*k + 1. Determine b(-2).
-13
Let j(u) = -47*u**2 - 3991*u + 340. Determine j(-85).
0
Let t(d) = -244*d + 9264. Calculate t(38).
-8
Let s(d) = -d**2 - 4*d - 37. What is s(10)?
-177
Let i(v) = -15622*v - 31243. Determine i(-2).
1
Let o(v) = -10*v**2 + 126*v + 29. Determine o(13).
-23
Let r(q) = 24*q + 1495. What is r(-62)?
7
Let q(w) = -293*w - 19039. Give q(-65).
6
Let q(c) = -c**3 + 4*c**2 + 8*c - 44. Give q(5).
-29
Let y(a) = 2*a**2 - 41*a + 181. Calculate y(5).
26
Let t(z) = 4*z**2 - 13*z - 48. Determine t(-4).
68
Let a(l) = -2158*l - 12948. Calculate a(-6).
0
Let d(r) = r**3 + 11*r**2 - 75*r - 731. Determine d(-13).
-94
Let b(a) = 431*a + 5564. Give b(-13).
-39
Let l(w) = -w**2 - 54*w + 3254. What is l(36)?
14
Let r(g) = -259*g - 10339. Calculate r(-40).
21
Let u(g) = -2*g**2 + g - 3. Calculate u(5).
-48
Let h(t) = -t**3 - 17*t**2 - 29*t - 112. Calculate h(-16).
96
Let h(y) = -71*y**2 + 4*y - 3. What is h(1)?
-70
Let w(g) = -6*g - 181. Determine w(0).
-181
Let g(y) = -y**2 - 1038*y - 87036. What is g(-92)?
-4
Let u(x) = -897*x + 35877. Give u(40).
-3
Let q(l) = 32*l - 664. Calculate q(22).
40
Let p(z) = 7*z**3 - 36*z**2 + 20*z - 41. What is p(5)?
34
Let x(k) = 3*k**3 + 50*k**2 + 124*k + 2399. Determine x(-17).
2
Let b(q) = 34*q**2 - 9*q - 6. What is b(-3)?
327
Let w(i) = i**2 + 139*i + 2932. Determine w(-26).
-6
Let c(k) = 169*k + 154. What is c(-7)?
-1029
Let i(t) = -18*t**2 - 70*t - 4. Determine i(-4).
-12
Let y(j) = 5*j**2 - 48*j + 4. Give y(14).
312
Let r(m) = -3507*m + 126247. Give r(36).
-5
Let i(v) = 4*v - 590. Give i(57).
-362
Let p(z) = z**3 - 38*z**2 + 294*z - 23. What is p(11)?
-56
Let a(t) = -15*t**3 - 13*t**2 - 34*t - 1. Calculate a(-3).
389
Let q(z) = -52*z - 59. Determine q(6).
-371
Let d(i) = -5*i**2 + 107*i - 517. Give d(8).
19
Let d(q) = 2*q**2 + 44*q + 19. Calculate d(-22).
19
Let w(p) = p**3 - 62*p**2 + 58*p + 189. Determine w(61).
6
Let s(o) = o**3 + 5*o**2 - 13*o - 11. What is s(-5)?
54
Let c(u) = 2*u**2 - 48*u - 164. Calculate c(27).
-2
Let f(b) = -97*b**2 + 295*b - 1. What is f(3)?
11
Let y(n) = 221*n + 93. Give y(-2).
-349
Let v(u) = -7*u**3 + 44*u**2 + 24*u + 18. Calculate v(7).
-59
Let v(w) = -5*w**2 + 170*w - 9. Give v(34).
-9
Let x(k) = -19421*k - 58270. What is x(-3)?
-7
Let k(c) = 3*c**2 - 209*c - 1104. Give k(-5).
16
Let f(u) = u**3 - 40*u**2 + 59*u + 639. Determine f(38).
-7
Let w(o) = -o**3 + 9*o**2 + 116*o + 256. Calculate w(-4).
0
Let z(c) = -13*c**2 - 176*c + 530. Determine z(3).
-115
Let g(h) = h**2 + 187*h - 10166. What is g(-231)?
-2
Let y(q) = q**3 + 12*q**2 - 148*q - 28. Determine y(9).
341
Let k(o) = 209*o - 12962. Determine k(62).
-4
Let r(h) = 42*h + 470. What is r(-11)?
8
Let t(g) = g**3 - 18*g**2 - 165*g + 2969. What is t(18)?
-1
Let g(o) = o**3 + 118*o**2 - 95*o + 2875. What is g(-119)?
19
Let q(y) = 180*y - 2376. Calculate q(14).
144
Let d(o) = -o**3 - o**2 - 79*o - 383. Give d(-5).
112
Let a(w) = 6*w**2 - 639*w - 312. Calculate a(107).
9
Let j(g) = -2*g**3 - 2*g**2 - 3*g + 4. Determine j(2).
-26
Let j(f) = -6*f**2 - 106*f + 18. Give j(-17).
86
Let n(a) = -2239*a - 26872. Give n(-12).
-4
Let y(b) = -2*b**3 - 3*b**2 - 38*b - 71. What is y(0)?
-71
Let b(v) = -32*v**2 + 52*v - 5. Determine b(2).
-29
Let a(g) = 49*g - 1125. What is a(23)?
2
Let b(g) = 2*g**3 - 133*g**2 + 44*g + 1760. Determine b(66).
308
Let v(s) = -s**3 - 10*s**2 + 62*s + 7. What is v(0)?
7
Let q(o) = 6*o**2 - 130*o + 654. Determine q(10).
-46
Let m(z) = -2*z**3 + 6*z**2 + 39*z - 20. Determine m(6).
-2
Let o(m) = -3*m**3 - 28*m**2 + 279*m - 13. Give o(6).
5
Let n(h) = 2383*h - 26219. Give n(11).
-6
Let w(j) = -8*j**3 - 76*j**2 - 22*j + 1. What is w(-9)?
-125
Let d(y) = -13*y**3 + 113*y**2 - 24*y + 15. Give d(9).
-525
Let d(g) = -35*g + 1548. Determine d(44).
8
Let x(h) = -2*h**2 - 55*h - 146. Calculate x(-27).
-119
Let z(j) = 41*j - 513. Give z(11).
-62
Let f(q) = -16*q - 517. What is f(-40)?
123
Let y(f) = -25*f - 954. What is y(-28)?
-254
Let f(b) = -3*b**2 - 16*b - 32. Determine f(-4).
-16
Let r(f) = -f**2 + 10533*f - 31588. What is r(3)?
2
Let d(g) = g**3 + 17*g**2 - 5*g + 245. Give d(-18).
11
Let z(q) = -16013*q + 96069. What is z(6)?
-9
Let c(x) = x**3 + 7*x**2 - 3*x - 10. Calculate c(-7).
11
Let z(n) = 19*n**3 - 215*n**2 + 64*n + 27. Determine z(11).
5
Let y(n) = n**2 + 1056*n + 7337. Calculate y(-7).
-6
Let c(d) = 1444*d + 4460. Give c(-3).
128
Let q(v) = 4*v**2 - 5*v + 38. Determine q(-7).
269
Let f(l) = l**2 + 22*l + 46. Calculate f(-12).
-74
Let o(k) = 3*k**2 - 97*k - 311. What is o(-3)?
7
Let x(b) = -74*b - 162. What is x(-2)?
-14
Let t(g) = g**2 - 6816*g - 8. What is t(0)?
-8
Let d(y) = 78*y - 2656. Determine d(34).
-4
Let a(v) = -v**3 + 33*v**2 - 226*v + 203. Calculate a(8).
-5
Let q(h) = 1807*h - 8996. Give q(5).
39
Let v(c) = c**2 + 2431*c - 12172. Calculate v(5).
8
Let t(a) = -37*a**2 - 407*a - 21. What is t(-11)?
-21
Let x(t) = -109*t - 10439. What is x(-96)?
25
Let d(l) = -20*l**2 + 215*l + 55. Determine d(11).
0
Let i(y) = -y**2 - 22*y - 78. Calculate i(-22).
-78
Let n(c) = -c**3 - 19*c**2 - 104*c - 1193. Give n(-17).
-3
Let y(b) = -b**2 - 1240*b - 41001. What is y(-34)?
3
Let i(v) = 12*v**2 - 133*v + 31. Determine i(11).
20
Let s(o) = -o**2 + 1106. Determine s(31).
145
Let b(a) = -144*a + 8549. Determine b(60).
-91
Let q(t) = -27*t**2 + 678*t + 607. Calculate q(26).
-17
Let i(v) = -v**2 + 31*v + 1577. What is i(-26)?
95
Let d(v) = -6*v**3 + 5*v**2 + 41*v - 19. Calculate d(-5).
651
Let c(p) = 88*p + 8. Determine c(2).
184
Let b(w) = -w**3 + 27*w**2 + 95*w - 99. Give b(30).
51
Let f(n) = -n**3 - 46*n**2 + 319*n + 16410. Determine f(-45).
30
Let o(b) = -b**3 + 30*b**2 + 135*b - 21. Give o(34).
-55
Let l(w) = 4*w**2 - 176*w - 3. Determine l(44).
-3
Let u(r) = 225*r + 122. Calculate u(-2).
-328
Let g(i) = 7*i**3 + 3*i**2 + 3*i - 5. Give g(-2).
-55
Let d(n) = 2*n**3 - 11*n**2 - 9*n + 66. Give d(5).
-4
Let q(w) = -269*w + 1634. Determine q(6).
20
Let p(j) = 19*j + 1650. Determine p(-89).
-41
Let j(h) = -27*h + 9. Determine j(4).
-99
Let q(n) = -8*n**2 + 2*n + 212. Give q(0).
212
Let z(n) = n**3 - 13*n**2 - 5*n + 130. Give z(12).
-74
Let i(x) = x**3 + 28*x**2 + 58*x + 25. Determine i(-26).
-131
Let h(s) = -2*s**2 + 10*s + 104. What is h(-6)?
-28
Let s(c) = 57*c + 558. Give s(-9).
45
Let w(y) = -38*y - 682. What is w(-18)?
2
Let t(f) = f**3 + 22*f**2 - 103*f - 2. Determine 